it of z(-6)?
1
Let n(p) = p**3 - 5*p**2 + 2*p + 1. Let x be n(4). Let j be x/(-2) + (-1)/2. What is the units digit of 72/j + 4 + -2?
6
Let d = 63 - 63. Let w(y) = -y**3 + y**2 + 126. What is the hundreds digit of w(d)?
1
Suppose 16*c = 5*c + 1969. What is the tens digit of c?
7
Let g(p) = -119*p - 181. What is the thousands digit of g(-11)?
1
Suppose -17*f = -18*f + 526. What is the hundreds digit of f?
5
Suppose 3*d + 82 - 109 = 0. Let n = 11 + -18. Let t = d - n. What is the units digit of t?
6
Suppose 0 = 3*d - d. Suppose 5*m + 0*i + i = 528, 2*i - 6 = d. What is the tens digit of m?
0
Let q be (4/(-6))/((-3)/9). Suppose 5*c + 10 = 0, -a = q*a + 2*c - 92. What is the units digit of a?
2
Let x be 15/2 + (-24)/(-16). Suppose x*o - 229 = 8*o. What is the tens digit of o?
2
Suppose 2*j = -2*j - 4*u + 1176, 0 = 4*u - 12. What is the hundreds digit of j?
2
Let n be (-90)/(-12)*(1 - 31). Let d = n + 413. What is the tens digit of d?
8
Suppose 10*s - 22 = -s. Suppose 0 = f + g + s*g - 50, 3*f + 3*g = 144. What is the units digit of f?
7
Let w = 18 - 18. What is the tens digit of (4/10)/(w + 1/215)?
8
Suppose 2*n = n - o - 116, -3*n + 2*o = 328. Let g = n + 254. What is the tens digit of g?
4
Let f(c) = 325*c + 4. Let z be f(3). Let k = -622 + z. What is the hundreds digit of k?
3
Let l(b) = -b + 5*b**2 - 2*b**2 + 12*b**2 - b**2. What is the tens digit of l(-1)?
1
What is the units digit of (-1*6)/(5 - (-101)/(-20))?
0
Let a(w) = w**2 - 20*w - 6. Let g be a(20). Let h(r) = -2*r**3 - 8*r**2 + 5*r + 6. What is the hundreds digit of h(g)?
1
Suppose 2*u - 4*u - 1286 = -2*q, 4*u + 1932 = 3*q. What is the hundreds digit of q?
6
Let k(v) = v - 11. Let a be k(13). Let w(r) = -2*r**a + r**2 + 22*r - 9*r. What is the tens digit of w(9)?
3
Let f be -1*(1 + 1 + -18). Suppose f = 5*h - 24. What is the units digit of (-2)/(-1) + -4 + h?
6
Suppose 38*g - 8584 = 3044. What is the units digit of g?
6
Suppose 6*d + 8 = -10. What is the units digit of 20/(-3*d/54)?
0
Let i(p) = p**2 - 10*p - 9. Let y(n) = -2*n**2 + 19*n + 17. Let d(u) = 11*i(u) + 6*y(u). Let l be d(4). Suppose -10*x + 42 = -l*x. What is the units digit of x?
6
Let c(g) = -g**3 - 6*g**2 + 13*g + 14. Let v be 90/(-11) - 3/(-66)*4. What is the units digit of c(v)?
8
Let u = -32 + 86. Suppose 792 = 9*z + u. What is the tens digit of z?
8
Suppose -6*w + 4*w + 4 = 0. Suppose -6*z - 396 = -w*z. Let g = -67 - z. What is the units digit of g?
2
Let q = 8 - 8. Suppose 5*d + 10 - 95 = q. What is the tens digit of d?
1
What is the units digit of (2429/21)/(0 - 1/(-3))?
7
Suppose j - 2*n + 91 = n, -3*j - 288 = -4*n. Let m = j - -106. What is the units digit of m?
6
Let a = 2434 - 1661. What is the tens digit of a?
7
Let c(i) = -i**3 - 6*i + 6 - 14*i**2 - 8*i**2 + 14*i**2. Let u be c(-7). Let o = u + 7. What is the units digit of o?
6
Let p(b) = -3 + 2*b + 5*b + 18 - 5. What is the units digit of p(7)?
9
Let d = -83 - -69. What is the hundreds digit of (-4)/d + 5406/42?
1
Suppose 420 = 4*h + 4. Suppose -5*m = 3*y - 130, 5*y + h = 4*m + y. What is the tens digit of m?
2
Suppose -4*m = -5*k + 264, 0 = m + 2 - 1. Let r = -10 + 12. Suppose r*a + 0*z - 114 = -3*z, -k = -a - 4*z. What is the units digit of a?
0
What is the hundreds digit of (-102)/15*14490/(-42)?
3
Let f be (-219)/(-9) + 3/(-9). Let p = 30 - f. What is the units digit of 18 + -7 - p/2?
8
What is the hundreds digit of (-16)/(-8) + (2 - 4 - -223)?
2
Suppose -4*d = 9*d - 8528. What is the units digit of d?
6
Suppose 2*i + 2*t = 66, -9*i + 180 = -4*i + 2*t. Suppose 0 = 37*r - i*r + 60. What is the units digit of r?
0
Let g(o) = -26*o**3 + 7*o**2 + 8*o + 5. What is the hundreds digit of g(-3)?
7
Let o = 127 + -28. What is the units digit of o?
9
Let l = 2156 - 218. What is the hundreds digit of l?
9
Suppose -3*m + 43 = 5*d, 5*m - 7 = d + 46. Suppose m*l - 10 = 6*l. What is the units digit of l?
2
Let z(w) be the second derivative of 11*w**4/12 + w**3/6 + 3*w. What is the units digit of z(-1)?
0
Let u = 47 - -11. Let s = u + -28. What is the tens digit of s?
3
Let z = 34 + -30. Suppose 0 = -0*m - m - 3*n, -2*n + z = 0. Let d(l) = -l**3 - 3*l**2 + 6*l + 4. What is the tens digit of d(m)?
7
Let p(o) = o + 10. Let v be -4 + 4/4 - 3. Let w be p(v). Suppose 7 - w = 3*q. What is the units digit of q?
1
Let y(h) = -123*h**3 - 2*h**2 + 1. Suppose -4 = 4*t + 4*g, -t = -6*t + 3*g + 11. Let p be y(t). What is the tens digit of 1/(-1 - p/120)?
3
Let d(r) = r - 4. Let a be d(-7). Let p = 20 + a. What is the units digit of p?
9
Let r(g) = g**3 - 14*g**2 + 14*g - 11. Let q = -2 + 15. Let u be r(q). Suppose 2*f = -4*y + 84, -f = -2*y - u*y - 36. What is the units digit of f?
0
Let p = 580 - -62. What is the tens digit of p?
4
Let m = 19 + -13. Suppose 0 = -s + m*s - 4*c + 7, 0 = -5*s - 5*c + 20. Suppose -s = -2*j + 33. What is the tens digit of j?
1
Let g be (-1 + -2)*64/(-6). Let z = -28 + g. Suppose z*t = 5*f + 13 - 94, 0 = f - 5*t - 33. What is the units digit of f?
3
Let c(i) = 27*i**2 - 59*i + 16. What is the hundreds digit of c(-6)?
3
Suppose 2246 = 10*c - 604. What is the tens digit of c?
8
Let s(c) be the first derivative of 9*c**2/2 - 17*c - 22. What is the units digit of s(4)?
9
Let x = -1732 - -2698. What is the units digit of x?
6
Let o be 7/((-14)/(-4)) - -30. Let b be (-424)/o - (-3)/(-4). Let g = b + 33. What is the tens digit of g?
1
Let k be ((-3)/9)/((-1)/9). Suppose -r = 3*q + 15, k*r + 4 + 1 = -q. What is the tens digit of -3*(-33)/3 + r?
3
Let t = 971 + -9. What is the hundreds digit of t?
9
Suppose -4*t - r - 237 = 0, 4*r - 200 - 70 = 5*t. Let z = t - -145. What is the tens digit of z?
8
Let a(u) = 98*u**2 - 8*u + 2. Let x be a(3). Suppose 14*j = 9*j + x. What is the units digit of j?
2
Suppose -3*r = -0*r - 15. Suppose i = -5*n + 143, -3*i - 3*n = -r*i + 221. What is the units digit of i?
8
Let i(k) = k - 4. Let n be i(4). Suppose 2 = 2*j - 2*x, 2*x = -j - 3*j + 10. Suppose n = -0*m - j*m + 10. What is the units digit of m?
5
Let k = 7 + -11. What is the units digit of (-153)/k + 8/(-32)?
8
Let a(p) = 13*p + 1. Let u be a(-1). Let m be 18/u*16/(-3). Suppose c - m = -c. What is the units digit of c?
4
Let o = 70 - 33. Let n(d) = d + 19. Let j be n(-9). Let a = o - j. What is the units digit of a?
7
Let o(h) = 24*h**3 - 6*h - 7. Let w(a) = -23*a**3 + 7*a + 8. Let q(c) = 7*o(c) + 6*w(c). Suppose -14*s + 5 = -9*s. What is the tens digit of q(s)?
2
Let v = -5 + 21. What is the units digit of (-561)/(-22)*v/6?
8
Suppose 4*i - 7*i + 15 = 0. Suppose -97 = -i*s + 128. What is the tens digit of s?
4
Let l(w) = w**2 + 4*w + 2. Let p be l(-4). Let u = 428 - 422. What is the tens digit of 25/p*(u - 2)?
5
Let j(a) = -a**3 + 13*a**2 + a + 1. Let x(i) = 13*i + 7. Let l be x(6). Suppose -5*b + l - 23 = 4*f, -2*b + 69 = 5*f. What is the units digit of j(f)?
4
Let m(x) = -12*x + 5. Let q be m(-2). Suppose -2*l + 33 + q = 2*a, -a = -5*l - 1. Suppose -a = -0*g - 2*g. What is the tens digit of g?
1
Suppose -7*x + 8485 + 20390 = 0. What is the units digit of x?
5
Suppose 0 = 4*d + i + 48, -3*d + 5*i = -0*i + 36. Let y = 12 + d. Suppose y*w + w = -1, -4*t + 4*w = -28. What is the units digit of t?
6
Suppose 5*k + 3*a = 3011, 4*k - 4*a = -a + 2425. What is the hundreds digit of k?
6
Let s(g) = -5*g + 12. Let b = -13 - -5. What is the units digit of s(b)?
2
Let i = -102 - -322. What is the hundreds digit of i?
2
Suppose -3*a + 2891 = -4*x, 2*x + 3884 = 4*a + 4*x. What is the units digit of a?
9
Suppose 0 = -3*q - v + 73, 3*q - 70 = v + v. Suppose 3*x - 36 = q. What is the units digit of x?
0
Suppose 7*q + 4*p - 64 = 3*q, 4*q - 3*p = 99. What is the hundreds digit of (14/q + 5/(-3))*-228?
2
What is the tens digit of 5/((-15)/(-38))*21?
6
Suppose x = -2*o + 3748, -5*o = 10 + 5. What is the units digit of x?
4
Let r(i) = 2*i - 6. Let q be r(5). Let t = 18 + -18. Suppose j - 2*s - s - 18 = t, -4*j - q*s = -56. What is the units digit of j?
5
Let z = -1257 + 3863. What is the units digit of z?
6
Let g(x) = -x**3 + 0*x**2 + 3*x**2 - 4 - 5*x + 3*x**2. Suppose -v = -4*c + 8, -11 = -4*v - 4*c + 17. What is the units digit of g(v)?
8
Let g = -70 + 90. Suppose g*y = 4*y + 4000. What is the tens digit of y?
5
Let i be (21/2)/(12/448). Let p(q) = -2*q**3 - 3*q**2 - 13*q - 26. Let t be 